{"id":13,"date":"2020-09-23T08:11:00","date_gmt":"2020-09-23T08:11:30","guid":{"rendered":"\/docs-mcloud\/?page_id=13"},"modified":"2024-05-16T06:13:48","modified_gmt":"2024-05-16T06:13:48","slug":"programmoberflaeche","status":"publish","type":"page","link":"\/docs-mcloud\/hilfe\/programmoberflaeche\/","title":{"rendered":"Die Programmoberfl\u00e4che"},"content":{"rendered":"\n<p>Nach dem Einloggen starten Sie direkt im Modul Tabellierung. Das Modul Zielgruppe ist f\u00fcr die Erstellung komplexer Zielgruppen vorgesehen. \u00dcber Targeting und Dashboard k\u00f6nnen Zielgruppen visualisiert werden. Rangreihe und Streuplan dienen der Mediaplanung (Auswahl von Medientiteln und Planerstellung). Das Modul Regio erm\u00f6glicht die Ansicht von Medien auf einer Kartografie, der Tagesablauf die Auswertung von Mediennutzung und T\u00e4tigkeiten in Zeitschnitten.<\/p>\n\n\n\n<div class=\"wp-block-group has-background\" style=\"background-color:#f0eeed\"><div class=\"wp-block-group__inner-container is-layout-constrained wp-block-group-is-layout-constrained\">\n<figure class=\"wp-block-image size-large\"><a href=\"\/docs-mcloud\/wp-content\/uploads\/sites\/4\/2024\/05\/M-Cloud_Oberflaeche.png\"><img loading=\"lazy\" decoding=\"async\" width=\"1024\" height=\"356\" src=\"\/docs-mcloud\/wp-content\/uploads\/sites\/4\/2024\/05\/M-Cloud_Oberflaeche-1024x356.png\" alt=\"\" class=\"wp-image-2648\" srcset=\"\/docs-mcloud\/wp-content\/uploads\/sites\/4\/2024\/05\/M-Cloud_Oberflaeche-1024x356.png 1024w, \/docs-mcloud\/wp-content\/uploads\/sites\/4\/2024\/05\/M-Cloud_Oberflaeche-300x104.png 300w, \/docs-mcloud\/wp-content\/uploads\/sites\/4\/2024\/05\/M-Cloud_Oberflaeche-768x267.png 768w, \/docs-mcloud\/wp-content\/uploads\/sites\/4\/2024\/05\/M-Cloud_Oberflaeche.png 1086w\" sizes=\"auto, (max-width: 1024px) 100vw, 1024px\" \/><\/a><\/figure>\n\n\n\n<p>Die Programmoberfl\u00e4che ist in zwei Bereiche aufgeteilt: Der linke Bereich enth\u00e4lt<\/p>\n\n\n\n<ul class=\"wp-block-list\">\n<li><a href=\"\/docs-mcloud\/hilfe\/das-arbeitsblatt\/finder\/\" data-type=\"page\" data-id=\"23\">Finder<\/a><\/li>\n\n\n\n<li><a href=\"\/docs-mcloud\/hilfe\/das-arbeitsblatt\/codeplan\/\" data-type=\"page\" data-id=\"25\">Codeplan<\/a><\/li>\n\n\n\n<li><a href=\"\/docs-mcloud\/hilfe\/das-arbeitsblatt\/medien\/\" data-type=\"page\" data-id=\"617\">Medien<\/a><\/li>\n\n\n\n<li>und in den Modulen <a href=\"\/docs-mcloud\/hilfe\/rangreihe\/\">Rangreihe<\/a> und <a href=\"\/docs-mcloud\/hilfe\/streuplan\/\">Streuplan<\/a> zus\u00e4tzlich <a href=\"\/docs-mcloud\/hilfe\/programmoberflaeche\/leistungswerte\/\">Leistungswerte<\/a>.<\/li>\n<\/ul>\n\n\n\n<p>Im rechten oberen Teilbereich werden Informationen zur momentan aktiven Filterzielgruppe angezeigt. Darunter ist der Tabellenk\u00f6rper angeordnet.<\/p>\n<\/div><\/div>\n","protected":false},"excerpt":{"rendered":"<p>Nach dem Einloggen starten Sie direkt im Modul Tabellierung. Das Modul Zielgruppe ist f\u00fcr die Erstellung komplexer Zielgruppen vorgesehen. \u00dcber Targeting und Dashboard k\u00f6nnen Zielgruppen visualisiert werden. Rangreihe und Streuplan dienen der Mediaplanung (Auswahl von Medientiteln und Planerstellung). Das Modul Regio erm\u00f6glicht die Ansicht von Medien auf einer Kartografie, der Tagesablauf die Auswertung von Mediennutzung [&hellip;]<\/p>\n","protected":false},"author":1,"featured_media":0,"parent":5,"menu_order":0,"comment_status":"closed","ping_status":"closed","template":"","meta":{"_acf_changed":false,"inline_featured_image":false,"footnotes":""},"class_list":["post-13","page","type-page","status-publish","hentry"],"acf":[],"_links":{"self":[{"href":"\/docs-mcloud\/wp-json\/wp\/v2\/pages\/13","targetHints":{"allow":["GET"]}}],"collection":[{"href":"\/docs-mcloud\/wp-json\/wp\/v2\/pages"}],"about":[{"href":"\/docs-mcloud\/wp-json\/wp\/v2\/types\/page"}],"author":[{"embeddable":true,"href":"\/docs-mcloud\/wp-json\/wp\/v2\/users\/1"}],"replies":[{"embeddable":true,"href":"\/docs-mcloud\/wp-json\/wp\/v2\/comments?post=13"}],"version-history":[{"count":4,"href":"\/docs-mcloud\/wp-json\/wp\/v2\/pages\/13\/revisions"}],"predecessor-version":[{"id":2650,"href":"\/docs-mcloud\/wp-json\/wp\/v2\/pages\/13\/revisions\/2650"}],"up":[{"embeddable":true,"href":"\/docs-mcloud\/wp-json\/wp\/v2\/pages\/5"}],"wp:attachment":[{"href":"\/docs-mcloud\/wp-json\/wp\/v2\/media?parent=13"}],"curies":[{"name":"wp","href":"https:\/\/api.w.org\/{rel}","templated":true}]}}

Die Programmoberfläche

<p>Nach dem Einloggen starten Sie direkt im Modul Tabellierung. Das Modul Zielgruppe ist für die Erstellung komplexer Zielgruppen vorgesehen. Über Targeting und Dashboard können Zielgruppen visualisiert werden. Rangreihe und Streuplan dienen der Mediaplanung (Auswahl von Medientiteln und Planerstellung). Das Modul Regio ermöglicht die Ansicht von Medien auf einer Kartografie, der Tagesablauf die Auswertung von Mediennutzung und Tätigkeiten in Zeitschnitten.</p>



<div class="wp-block-group has-background" style="background-color:#f0eeed"><div class="wp-block-group__inner-container is-layout-constrained wp-block-group-is-layout-constrained">
<figure class="wp-block-image size-large"><a href="/docs-mcloud/wp-content/uploads/sites/4/2024/05/M-Cloud_Oberflaeche.png"><img loading="lazy" decoding="async" width="1024" height="356" src="/docs-mcloud/wp-content/uploads/sites/4/2024/05/M-Cloud_Oberflaeche-1024x356.png" alt="" class="wp-image-2648" srcset="/docs-mcloud/wp-content/uploads/sites/4/2024/05/M-Cloud_Oberflaeche-1024x356.png 1024w, /docs-mcloud/wp-content/uploads/sites/4/2024/05/M-Cloud_Oberflaeche-300x104.png 300w, /docs-mcloud/wp-content/uploads/sites/4/2024/05/M-Cloud_Oberflaeche-768x267.png 768w, /docs-mcloud/wp-content/uploads/sites/4/2024/05/M-Cloud_Oberflaeche.png 1086w" sizes="auto, (max-width: 1024px) 100vw, 1024px" /></a></figure>



<p>Die Programmoberfläche ist in zwei Bereiche aufgeteilt: Der linke Bereich enthält</p>



<ul class="wp-block-list">
<li><a href="/docs-mcloud/hilfe/das-arbeitsblatt/finder/" data-type="page" data-id="23">Finder</a></li>



<li><a href="/docs-mcloud/hilfe/das-arbeitsblatt/codeplan/" data-type="page" data-id="25">Codeplan</a></li>



<li><a href="/docs-mcloud/hilfe/das-arbeitsblatt/medien/" data-type="page" data-id="617">Medien</a></li>



<li>und in den Modulen <a href="/docs-mcloud/hilfe/rangreihe/">Rangreihe</a> und <a href="/docs-mcloud/hilfe/streuplan/">Streuplan</a> zusätzlich <a href="/docs-mcloud/hilfe/programmoberflaeche/leistungswerte/">Leistungswerte</a>.</li>
</ul>



<p>Im rechten oberen Teilbereich werden Informationen zur momentan aktiven Filterzielgruppe angezeigt. Darunter ist der Tabellenkörper angeordnet.</p>
</div></div>

<p>Nach dem Einloggen starten Sie direkt im Modul Tabellierung. Das Modul Zielgruppe ist für die Erstellung komplexer Zielgruppen vorgesehen. Über Targeting und Dashboard können Zielgruppen visualisiert werden. Rangreihe und Streuplan dienen der Mediaplanung (Auswahl von Medientiteln und Planerstellung). Das Modul Regio ermöglicht die Ansicht von Medien auf einer Kartografie, der Tagesablauf die Auswertung von Mediennutzung [&hellip;]</p>
